5*k + 33. What is the greatest common factor of y and i?
9
Let h = 11048 + -10724. Calculate the greatest common divisor of 72 and h.
36
Suppose 251*n - 20952 - 17451 = 0. Let u be 162/4*(-4)/(-6). What is the highest common factor of u and n?
9
Suppose -5*s + 2545 = 3*m + 1024, 0 = -5*s + 3*m + 1509. Let k = s - 150. Calculate the highest common divisor of k and 9.
9
Suppose 305*m - 310*m - 1710 = 0. Let n = 349 + m. Calculate the greatest common divisor of n and 63.
7
Let b be 2/1 - 5 - 1. Let u be (2/b)/(3/(-1*12)). Let f be ((-2)/4)/(u/(-92)). Calculate the greatest common factor of f and 161.
23
Let x(a) = -2*a**3 - 21*a**2 - 14*a + 4. Let b be x(-10). Suppose 2*d + 38*v = 33*v - 9, -3*d + 4*v + b = 0. Calculate the greatest common factor of d and 344.
8
Suppose -7*u - 583857 = -74*u + 659328. Calculate the greatest common factor of u and 45.
15
Suppose 0 = 5*f - 9 - 111. Let i(q) = 430*q - 3702. Let k be i(9). Calculate the greatest common factor of f and k.
24
Let h(x) be the third derivative of 23*x**5/60 - 5*x**4/24 - x**3/3 + 160*x**2. Let n be h(3). What is the greatest common divisor of 10 and n?
10
Let c = -42 + 45. Suppose c*b - 550 + 94 = 0. Let n be 3*-1*b/12*-1. Calculate the greatest common factor of n and 266.
38
Let x = -1725 + 2173. What is the highest common divisor of 49 and x?
7
Let n be 13226/51 - -1 - (-2)/3. Calculate the greatest common factor of n and 174.
87
Let b(r) = r**3 + r**2 - 8*r + 3. Let j be b(4). Calculate the highest common factor of 300 and j.
3
Let o(u) = u**2 - 2*u. Let d be o(4). Let t(z) = 3*z**3 + 105*z**2 - 5*z + 16. Let g be t(0). Calculate the highest common divisor of d and g.
8
Suppose 47*c - 3267 - 4159 = 0. Calculate the highest common divisor of c and 474.
158
Let v = -6059 + 6359. Calculate the greatest common divisor of 7700 and v.
100
Let h(t) = 2*t + 629*t**2 - 3*t**3 + 4*t**3 - 633*t**2. Let s be h(7). Suppose 11*v - s = 1060. What is the greatest common divisor of 74 and v?
37
Suppose 2*r - 74 = -5*o, -2*o + 45*r = 46*r - 29. Calculate the highest common divisor of o and 3.
1
Let y(p) = p**3 - p**2 - 10*p + 2. Let n = -271 - -275. Let f be y(n). Let r = -14 + 24. Calculate the greatest common divisor of f and r.
10
Let n be ((-68 + 62)/(2/129))/(-1). What is the greatest common divisor of n and 43?
43
Suppose -3*l - 3*o + 11 = -13, 34 = 5*l + 3*o. Let p be 189/(-35) + l - (-3381)/15. Calculate the highest common factor of 100 and p.
25
Let a be (6/8)/(4/16). Suppose 0 = -x - a*d + 25 + 30, 5*d + 15 = 0. Let k = -574 - -582. Calculate the greatest common divisor of k and x.
8
Let r = 4791 + -1884. What is the greatest common factor of r and 684?
171
Let d = -22 + 34. Suppose -d + 56 = 4*k. Suppose 0*t + 495 = 5*t. Calculate the greatest common factor of k and t.
11
Let z(w) = -w**3 + 45*w**2 + 49*w - 36. Suppose -3*n = -2*b + n + 76, 0 = -b - 3*n + 58. Let h be z(b). Calculate the highest common divisor of 18 and h.
6
Let a be 920 - (-3)/9*-12. Suppose 2*y - 1532 = -5*q, -3*q + 0*y = -2*y - a. Calculate the highest common factor of 18 and q.
18
Let q be 3/1*8/60*10. Suppose -14*k - 6*k = -640. Calculate the greatest common divisor of k and q.
4
Suppose -398*p - 1012254 = -3983968 - 1573048. What is the highest common factor of 38 and p?
19
Let c(r) = 147*r - 16. Let s be c(4). Suppose 2*u + 2*y = 698, -s = -4*u - y + 827. Calculate the highest common divisor of 100 and u.
50
Let g(v) = 20*v - 41. Let o be g(7). Let s be (-28 + 2)/((-5)/5). Suppose -3*t + 5*f = -16 - 6, 3*t - f = s. What is the greatest common factor of o and t?
9
Let g be 157/(-1256) + 17/(-56) - (-465)/7. Calculate the greatest common divisor of 18876 and g.
66
Let g = 53 - 122. Let z = -41 - g. Suppose -z*n - 120 = -31*n. Calculate the greatest common divisor of 8 and n.
8
Let g = 157 - 165. Let p = g - -72. Calculate the greatest common factor of p and 32.
32
Let c = 11 + -21. Let r = 305 - 294. Let j = c + r. Calculate the highest common factor of 1 and j.
1
Let w(a) = -59*a**3 - a - 2. Let m be (12/(-10))/(12/(-30)) - 4. Let n be w(m). What is the highest common factor of n and 2?
2
Suppose 0 = 9*a + 12 - 102. Let w(q) = 2*q + q**3 + 17*q**2 - 5*q - 7*q**2 + 2. Let r be w(-9). Calculate the highest common factor of r and a.
10
Let a(v) = 4*v**2 + 84*v - 268. Let z be a(4). Calculate the highest common divisor of z and 165.
33
Let l be 1/((-12)/(-2286))*996/18. What is the greatest common factor of l and 127?
127
Let n(z) = -7*z**2 + 3*z + 10. Let m be n(4). Let l be 176/(5/(m/(-3))). Calculate the greatest common divisor of 66 and l.
66
Let n(d) = d**3 - 6*d**2 - 2*d + 19. Let z be n(6). Calculate the greatest common divisor of 14 and z.
7
Let j(h) = 692*h + 4926. Let y be j(-6). What is the greatest common factor of 414 and y?
18
Suppose -182*m + 185*m - 6912 = 0. What is the highest common factor of 54 and m?
18
Let v = 40 - 31. Suppose -v*u - 3 = -291. What is the greatest common factor of u and 8?
8
Let j = 42 - -2. Let a(n) = -609*n + 17804. Let r be a(29). What is the greatest common divisor of r and j?
11
Suppose 0 = -10*s + 11*s - 2. Suppose 0 = -3*a + y, -3*a - 2*a + 11 = s*y. Let f(q) = 19*q - 132. Let x be f(7). What is the greatest common factor of a and x?
1
Let i be ((-17940)/15)/(-13)*(-1)/((-6)/2421). What is the highest common factor of i and 138?
138
Suppose 3*x + 0*x = 36. Suppose 3*g + 4*r = 550, 2*g - 414 = -4*r - 50. Calculate the greatest common factor of g and x.
6
Suppose -3*g - 1715 = -o, -4*g + 5*g + 595 = 5*o. Let r = g - -752. Calculate the greatest common factor of 42 and r.
14
Suppose 10 = 5*y, 5*f - 400 = -y + 227. What is the greatest common factor of f and 625?
125
Suppose 0 = -110*b - 470 + 5200. Suppose -172 = -4*h + 5*g, -g = -4*h - 5*g + 172. What is the highest common factor of h and b?
43
Suppose 44 = 3*s - 4. Let y(a) = -a**3 - 8*a**2 - a + 1. Let f be y(-8). Suppose -192 = -21*l + f*l. What is the highest common divisor of s and l?
16
Let c(f) = f**2 - 23*f + 16. Suppose 5*j - 2*j = 279. Let v = 116 - j. Let n be c(v). What is the highest common divisor of n and 28?
4
Suppose 0 = 162*b - 116*b - 22332 - 19252. What is the highest common factor of 288 and b?
8
Let a(f) = -3*f**3 + 1. Let h = 684 + -687. Let v be a(h). What is the greatest common factor of 1558 and v?
82
Let t be 13/(-3*(-1)/42). Let m(n) = 21*n**2 + 40*n**3 + 26 + 22*n - 81*n**3 + 40*n**3. Let w be m(22). What is the greatest common factor of w and t?
26
Suppose -2*b + 131 = 5*x, 0 = -2*x - 3*x - 5*b + 140. Let p = -18 + x. Suppose 1911 = p*f + 686. Calculate the greatest common divisor of 70 and f.
35
Suppose 5*f + 5*n = 7*f - 726, 0 = -f + 4*n + 372. Calculate the highest common divisor of 84 and f.
12
Suppose 4*n - 807 = -9*w + 6*w, 12 = -4*w. Suppose 11*p - 18 - 26 = 0. Suppose p*o = 21 + 27. What is the highest common divisor of n and o?
12
Suppose -2*z = -3*f - 127 - 176, -2*z - 4*f = -296. What is the greatest common factor of z and 240?
30
Let s(i) = i**2 + 21*i - 48. Let m be s(-26). Let y = m - 82. Suppose y*c + 84 = 3*c. Calculate the highest common factor of c and 8.
4
Let u = 3657 - 2936. Calculate the highest common divisor of 7 and u.
7
Suppose 2*a = -3*i + 81, -4*a = 4*i - 5 - 103. Calculate the highest common factor of 11367 and i.
27
Suppose 19 + 13 = 4*d. Suppose 692 - 172 = d*s. What is the greatest common divisor of s and 13?
13
Suppose 4*q - 48990 + 7740 = t, 0 = 3*t - 18. Calculate the greatest common divisor of 54 and q.
54
Let g be 7295 + (-2 - (-266)/14). What is the highest common factor of g and 16?
16
Let p = -13 - -14. Let g(w) = 3*w**3. Let n be g(p). Suppose 0 = -n*u + 7*u - 64. Calculate the highest common factor of 80 and u.
16
Let p be 14 + 25/((-50)/6). Calculate the highest common divisor of p and 25421.
11
Suppose 0 = 11*g - g + 880. Let w = 93 + g. Suppose -w*m + 628 = 2*i, 0 = -5*i - 5*m + 1017 + 568. Calculate the greatest common divisor of i and 29.
29
Let c = -4194 - -4218. Calculate the highest common factor of 1600 and c.
8
Suppose 0 = 3*m, -2*m = 3*w - 1063 + 640. What is the highest common divisor of w and 5311?
47
Suppose -11*o = 12*o - 3012 - 3796. Let q be ((-6)/(-5))/(3/10). What is the greatest common factor of o and q?
4
Let n(k) = 12*k**2 - 9*k - 6